61. Let c = s + 137. List the prime factors of c.
2, 7
Suppose m + 3 = -2*c + 12, -2*c = 4*m - 30. Suppose m*v - 10*v = -726. Let n = v - 80. List the prime factors of n.
2, 3
Suppose -3*l = -15, -22*w = -21*w + l - 7. Let n = -20 - -170. What are the prime factors of n - (1 - w - -4)?
3, 7
Let o be (-1)/7 - (5016/(-28) - -2). Let y = 562 - o. List the prime factors of y.
5, 7, 11
Let k = -101 - -106. Suppose -4*i = k*m - 59, 3*i + 28*m = 27*m + 58. List the prime factors of i.
3, 7
Let u(a) = 828*a**2 - 37*a + 165. List the prime factors of u(8).
52861
Suppose -5*b + 4*j = -b - 41508, 0 = 4*b + j - 41483. List the prime factors of b.
2, 2593
Let k be 214*((3 - (7 - 3)) + 5). Let g = k - 508. What are the prime factors of g?
2, 3, 29
Suppose -3*g + 3574 = c + 609, 2*c - g = 5937. What are the prime factors of c?
2, 7, 53
Let o(n) = n**2 - 10*n + 8. Let t be o(-6). Let b = t - -406. What are the prime factors of b?
2, 3, 5, 17
Let y = -105492 - -162249. List the prime factors of y.
3, 18919
Let w = 1782 - 1120. Suppose 3*c = -4*u + w, c - 4*u = -u + 199. What are the prime factors of c?
2, 107
Let d(i) = i**2 - 12*i - 70. Suppose 134 = 9*v - 514. Suppose 2*m = -m + v. List the prime factors of d(m).
2, 109
Let b = -121 - -129. Suppose -2618 = -3*i - b*i. List the prime factors of i.
2, 7, 17
Let j(f) = 2*f**2 + 5*f + 8. Let w be j(-3). Suppose w*m - 707 = 4*m. Suppose -3*y = 2*d - 167, 5*y = d + 3*y - m. List the prime factors of d.
7, 13
List the prime factors of -1 + 6/42 + (-80)/(-28) + 4902.
2, 613
Let y be -4*1165*1/20. Let d = 283 + y. List the prime factors of d.
2, 5
Let u(g) = -14944*g + 1074. List the prime factors of u(-1).
2, 8009
Suppose n + 4*v = -17, -v - 16 = 5*n - 4*v. Let z be (2 - -1 - -11) + 2 + n. Suppose 430 = z*u - 791. List the prime factors of u.
3, 37
Let l = 4 + -3. Let r be 4/5 - (-518)/(-185). List the prime factors of -3 + (80/l - r).
79
Let b(t) = 43*t + 42. Suppose 10*m = -11*m + 126. What are the prime factors of b(m)?
2, 3, 5
What are the prime factors of -2*((-45732)/8 - -11)?
11411
Let j(f) = -679*f - 3036. List the prime factors of j(-6).
2, 3, 173
Let l be 9634/30 - 4/30. Suppose l = 3*f - 600. What are the prime factors of f?
307
Let v(b) = -154*b + 83. What are the prime factors of v(-96)?
14867
Let g(t) = t**2 - 20*t + 46. Let j be g(18). List the prime factors of (-40)/16*(-1496)/j.
2, 11, 17
Let r be (13/(-5))/((-4)/260). Suppose -16 = 171*s - r*s. Let j(x) = -2*x**3 - 13*x**2 - 11*x - 18. What are the prime factors of j(s)?
2, 131
Suppose -4*i - 104154 = -6*x - 0*x, -69450 = -4*x - 2*i. What are the prime factors of x?
3, 643
Let v = 714 - 718. List the prime factors of 1718 - 3/((-16)/v + -7).
3, 191
Suppose 0 = -4*l - 3*o + 98136, 98160 = -170*l + 174*l - 3*o. List the prime factors of l.
3, 8179
Suppose -5*s + 3*g + 66 = 0, -2*s + 0*g = g - 22. Suppose 4*y + 4 = s. Suppose 5*l = -20, y*q - 2*l = -5*l + 288. List the prime factors of q.
2, 3, 5
Let z(b) = 10*b**2 - 6*b. Suppose -5*q + 10 = 25. Let k(a) = 3*a + 12. Let f be k(q). List the prime factors of z(f).
2, 3
Let b(c) = 8 + 26 + 5*c - 39*c. What are the prime factors of b(-20)?
2, 3, 7, 17
Suppose -5*b + 41 = 5*c - b, -5*c = -5*b - 5. Suppose 4*r - 205 = c*i, -5*i + 0*i = -3*r + 205. Let n = i - -226. What are the prime factors of n?
5, 37
Suppose b + 25 = 3*r, 16*r + 2*b = 13*r + 40. Suppose 1787 + 623 = r*x. What are the prime factors of x?
241
Suppose -146 - 710 = 2*o - 4*y, 0 = -4*o + 2*y - 1688. What are the prime factors of 1/10 + (-476658)/o?
5, 227
Let y = -1650 - -2385. Suppose -2*b - 5*t - 283 + 1020 = 0, -y = -2*b - 3*t. List the prime factors of b.
2, 3, 61
Let i be (-165)/10*(-64)/6. Let u be ((-339)/9 - 1)*(-3)/(-1). Let l = i + u. What are the prime factors of l?
2, 3, 5
Suppose 17*x - s - 9184 = 14*x, 5*x + 4*s - 15284 = 0. List the prime factors of x.
2, 3, 5, 17
Let s(m) = -m**2 + m + 2. Suppose -4*g + g = -9. Let w be s(g). Let o(c) = -18*c - 2. List the prime factors of o(w).
2, 5, 7
List the prime factors of (-3)/10 + (-70553)/(-10).
5, 17, 83
Suppose -10 = -4*g - g, 3*k + 1580 = -5*g. Let t = k - -955. What are the prime factors of t?
5, 17
Suppose -3*y - s = -2, -5*s + 6*s + 6 = y. Suppose y*h + 4*m - 50 = 0, -3*h + 2*h + 4*m + 55 = 0. List the prime factors of h.
5, 7
Let d(z) = 341*z + 102. Let s(x) = -227*x - 68. Let o(i) = 5*d(i) + 8*s(i). List the prime factors of o(-4).
2, 5, 41
Let s be ((-2)/2 - 0 - -1)/1. Suppose 24*d - 6055 - 7049 = s. What are the prime factors of d?
2, 3, 7, 13
Suppose -3*w + o + 26084 = 0, 6*o = 2*w + 3*o - 17387. What are the prime factors of w?
5, 37, 47
Suppose j - a = 13545, 16*a = 5*j + 20*a - 67689. What are the prime factors of j?
11, 1231
Let i = -143 + 140. Let k(o) = 13*o**2 + 7*o + 4. List the prime factors of k(i).
2, 5
Suppose 2*c + 3*u - 6599 = 0, 0 = -29*c + 27*c + 3*u + 6617. List the prime factors of c.
2, 7, 59
Suppose 60*x - 518046 = 400194. List the prime factors of x.
2, 1913
Suppose 9*g = 12*g - 726. What are the prime factors of 44/g - (-30928)/22?
2, 19, 37
Suppose 0 = 5*h - 4*l - 22, -5*l + 2*l - 9 = 0. Let u(o) = 0 - 14 - 3 + 4*o + 9*o**h. List the prime factors of u(5).
2, 3, 19
Let m(c) be the first derivative of c**4/4 - 28*c**3/3 - 69*c**2/2 + 45*c + 146. List the prime factors of m(32).
1933
Let a = 29 + 1. Suppose 8*f = 15*f - 21. Suppose -2*i = 3*l - a, f*i - 2*i - 5*l = 15. What are the prime factors of i?
3, 5
Let b(m) = 2*m**2 - 6*m - 7. Let r be b(6). Let l = -198 + r. Let j = l - -274. What are the prime factors of j?
3, 5, 7
Let k be (1*(-1)/(-2))/((-9)/(-7596)). Suppose -4*o + k = u, 0*o = -5*o - 5. List the prime factors of u.
2, 3, 71
Let y = -1365 + 2485. Suppose -y = -2*n + 1592. List the prime factors of n.
2, 3, 113
Suppose 0 = -5*y + 25, 2*o - 3*y + 36 = y. Let a(r) = -2*r**3 - 4*r**2 + 18*r + 19. What are the prime factors of a(o)?
643
Let a = -6 - -8. Suppose 3065 = 5*r + v, 2*r - a*v - 1233 = -v. List the prime factors of r.
2, 307
Suppose 158*y - 147*y = 7799. Suppose -5*x + 1039 - y = 0. What are the prime factors of x?
2, 3, 11
Let l(y) = 475*y + 624. List the prime factors of l(8).
2, 7, 79
Suppose -4*j - 4*g + 2*g = -6, 9 = 2*j - g. Let n(f) = -1 - 20*f - 7 - 9 + 14 + 54*f. List the prime factors of n(j).
3, 11
Suppose 0 = y - 0*y - 5*w - 3445, -6932 = -2*y - 4*w. Suppose 54*k - y = 49*k. What are the prime factors of k?
2, 173
Let r(p) = -4*p**3 + p. Suppose -3*j + 3 = 4*c - 6, 0 = c - j - 11. Suppose c*o + 0 + 6 = 0. What are the prime factors of r(o)?
3
Let v(j) = -5*j - 17. Let q be v(-4). Suppose 4*w - 45 = q. Suppose 2 = -2*u + w. What are the prime factors of u?
5
List the prime factors of (-239032)/(-36) - 5 - (-16)/72.
5, 1327
Let d(u) = 2539*u**2 + 38*u - 105. List the prime factors of d(3).
2, 3, 5, 127
Suppose -171*a + 175*a = 3*f + 82473, 3*f + 9 = 0. List the prime factors of a.
2, 3, 859
Let l(s) = s**3 + 9*s**2 + 6*s - 11. Let k be l(-8). Let q(f) = k - 6*f + 6*f + 10*f - 18. List the prime factors of q(3).
17
Let a = 4 + 31. Suppose -a*b + 5 = -36*b. What are the prime factors of 3 - (11 + b) - (-106)/2?
2, 5
Suppose -6*k - 5*k + 65543 = -146306. List the prime factors of k.
19259
Let r(z) = 3*z**2 + 27*z + 4. Let n be r(-9). Suppose -39 = -n*s - 31. Suppose -b - b + 4*j = -106, 0 = s*j + 8. List the prime factors of b.
3, 5
Let d(n) = -n**3 - 14*n**2 + 14*n + 20. Suppose 5*z = 3*w + w + 84, -3*w = 2*z + 40. List the prime factors of d(w).
2, 7, 11
Let r = 92813 - 47449. List the prime factors of r.
2, 11, 1031
Suppose 19*r = 28*r - 36. Suppose 3*l + r*t = 2*t - 17, -3*t + 3 = -5*l. What are the prime factors of (-2)/((-2)/(-519)*l)?
173
Let f(w) = w + 10. Let c be f(-6). Suppose -3*l + 38 = -x - 14, -c*x + 96 = 4*l. What are the prime factors of l?
19
Let i(b) = b**3 - 13*b**2 - 28*b - 8. Let t be i(15). Let l be 4/t - ((-1200)/88)/2. Suppose l*z - 8*z = -126. What are the prime factors of z?
2, 3, 7
Let l = -353 - -369. Suppose -t - 3*h + 863 = 0, -11*t - 2*h = -l*t + 4383. What are the prime factors of t?
5, 7
Let h be 4/(-10) + (-235)/(-25). Let i(m) = -m**3 + 16*m**2 - 16*m + 4. Let a be i(14). Suppose h*k - a = -1. List the prime factors of k.
19
Suppose 138 = 5*f + 68. Let m = f + -6. What are the prime facto